101
What is the greatest common divisor of 484416 and 288608?
928
What is the greatest common factor of 4697 and 394559?
11
What is the greatest common divisor of 366928968 and 112?
56
What is the highest common factor of 286720 and 385?
35
What is the greatest common factor of 2132677916 and 1832?
916
Calculate the highest common factor of 10720 and 207160.
40
What is the highest common divisor of 142683 and 1097727?
717
Calculate the highest common divisor of 43880228 and 322.
322
What is the greatest common factor of 17704 and 655008166?
4426
What is the highest common divisor of 10676 and 165852?
68
Calculate the greatest common factor of 16 and 165692612.
4
What is the highest common divisor of 31256751 and 87?
87
Calculate the highest common divisor of 94 and 198828142.
94
What is the greatest common divisor of 22137 and 5377407?
471
Calculate the greatest common divisor of 17661358 and 1089946.
10582
What is the greatest common divisor of 5128 and 540846314?
1282
Calculate the highest common factor of 163649554 and 46.
46
What is the highest common factor of 73372 and 2049554?
442
Calculate the highest common factor of 49876443 and 828.
207
What is the highest common factor of 105081560 and 5968?
2984
Calculate the greatest common divisor of 3490435 and 2470.
65
What is the greatest common factor of 6612725 and 4975?
25
Calculate the greatest common divisor of 618630892 and 484.
484
What is the highest common factor of 3868059 and 624?
39
What is the highest common divisor of 2652544 and 7360?
1472
What is the highest common factor of 1239 and 70041909?
1239
Calculate the greatest common divisor of 4905924 and 226092.
2724
What is the greatest common factor of 5609223 and 5976?
747
Calculate the highest common factor of 3772065 and 120.
15
What is the highest common divisor of 86530590 and 570?
30
Calculate the highest common divisor of 264 and 410766.
6
Calculate the highest common factor of 345271065 and 4965.
4965
What is the greatest common factor of 1551303 and 663?
39
What is the highest common divisor of 33 and 13569336?
33
What is the highest common divisor of 13932 and 39562924?
172
Calculate the highest common divisor of 45 and 7117119.
9
Calculate the highest common factor of 199 and 58768680.
199
What is the highest common divisor of 45 and 796515?
15
Calculate the greatest common factor of 8 and 5193181544.
8
What is the highest common factor of 7854 and 56518?
154
Calculate the greatest common divisor of 287851513 and 2654.
1327
Calculate the greatest common divisor of 585719 and 21456.
149
Calculate the greatest common divisor of 27117819 and 9.
9
Calculate the greatest common divisor of 16228020 and 2763.
921
What is the greatest common divisor of 3580300 and 1700?
100
What is the greatest common factor of 402890418 and 3816?
954
What is the greatest common divisor of 240 and 23634960?
240
Calculate the greatest common factor of 404208 and 32.
16
What is the highest common divisor of 51414 and 19431786?
2706
Calculate the greatest common divisor of 5581369 and 1711.
29
Calculate the highest common divisor of 72 and 94352571.
9
What is the highest common factor of 872237 and 42?
1
Calculate the greatest common divisor of 31761370 and 420.
10
What is the greatest common factor of 73 and 26457317?
73
What is the greatest common factor of 34128 and 88857?
27
Calculate the highest common factor of 11478213 and 70608.
4413
Calculate the highest common divisor of 2408 and 104867.
7
Calculate the greatest common factor of 58433860 and 5240.
2620
Calculate the highest common divisor of 1666240 and 95120.
3280
Calculate the highest common factor of 2216 and 51081016.
2216
Calculate the highest common divisor of 2121498 and 2970.
54
Calculate the greatest common factor of 328289514 and 1470.
294
Calculate the highest common divisor of 141231820 and 40.
20
What is the highest common divisor of 4274864 and 15301?
1177
Calculate the greatest common divisor of 6665 and 573835.
215
Calculate the highest common factor of 1087636 and 35948.
836
What is the highest common factor of 3104 and 1979576?
776
What is the greatest common divisor of 978744 and 1248?
312
What is the greatest common divisor of 223296598 and 42?
14
What is the highest common factor of 3635805 and 250860?
555
What is the highest common factor of 7068 and 922188?
372
Calculate the highest common factor of 734907 and 6.
3
What is the greatest common divisor of 17 and 26262433?
17
What is the greatest common factor of 24982804 and 116?
116
Calculate the greatest common factor of 78674 and 2081386.
278
Calculate the highest common divisor of 5900 and 7755600.
100
What is the highest common factor of 37390844 and 12832?
1604
What is the greatest common factor of 19453 and 255271?
397
What is the highest common factor of 62 and 1413712034?
62
What is the greatest common divisor of 4179 and 827243?
199
Calculate the greatest common factor of 198 and 46966678.
22
Calculate the highest common divisor of 27899736 and 3864.
552
Calculate the greatest common divisor of 4747 and 100489243.
4747
What is the highest common factor of 12464 and 86715?
41
What is the highest common factor of 2059803 and 3?
3
Calculate the highest common divisor of 66 and 194403.
33
Calculate the highest common divisor of 124 and 3747510764.
124
What is the greatest common divisor of 1185 and 10650385?
395
What is the highest common divisor of 20287873 and 1741?
1741
What is the highest common divisor of 9007739 and 136?
17
Calculate the highest common factor of 16034368 and 70.
14
What is the greatest common divisor of 9260 and 46660?
20
Calculate the greatest common factor of 165515196 and 1309.
1309
Calculate the highest common factor of 26 and 244767575.
13
Calculate the greatest common divisor of 1346358 and 2262.
78
What is the greatest common divisor of 409179264 and 4992?
4992
What is the greatest common factor of 406294930 and 464?
58
What is the highest common factor of 1410177 and 9?
3
What is the highest common factor of 688419 and 50301?
243
What is the highest common factor of 3262 and 1362242?
14
Calculate the highest common divisor of 85 and 298898879.
17
Calculate the highest common divisor of 1176 and 2517452.
28
Calculate the highest common divisor of 66929 and 7533.
31
Calculate the highest common factor of 1890 and 1121064.
42
Calculate the greatest common divisor of 1975 and 81648475.
1975
Calculate the greatest common factor of 1502592 and 468608.
896
Calculate the greatest common factor of 2918026 and 7498.
326
Calculate the highest common divisor of 3569877 and 65467.
3851
What is the greatest common divisor of 134 and 67075710?
134
Calculate the greatest common divisor of 58596 and 18867.
57
Calculate the greatest common factor of 9774 and 178087167.
4887
Calculate the greatest common divisor of 6145092 and 97308.
1836
Calculate the greatest common factor of 119885261 and 321.
107
What is the greatest common factor of 40747 and 763?
7
Calculate the highest common factor of 48 and 2890743.
3
What is the highest common divisor of 2001648 and 6864?
528
What is the greatest common factor of 139847 and 36079?
109
What is the highest common factor of 22018 and 478728?
218
What is the greatest common factor of 3822 and 6390678?
294
Calculate the greatest common divisor of 2694252 and 660.
132
Calculate the highest common factor of 1584 and 12212112.
528
What is the greatest common divisor of 185256 and 551304?
2232
Calculate the highest common divisor of 63345473 and 161.
23
Calculate the greatest common divisor of 70164 and 6057.
9
Calculate the greatest common factor of 2430 and 1396105470.
2430
What is the greatest common factor of 29694 and 99586?
202
What is the highest common factor of 3406194 and 3366?
198
What is the greatest common divisor of 14062177 and 31861?
151
What is the greatest common divisor of 6 and 77034600?
6
What is the highest common factor of 30 and 74160770?
10
What is the highest common factor of 5779937 and 10704?
223
What is the highest common divisor of 63730 and 3905?
5
Calculate the greatest common factor of 2453 and 1908819.
11
What is the greatest common divisor of 17436356 and 2499?
833
What is the highest common divisor of 1512 and 33759432?
50